+ (26 - (-34 + 28))
20
Evaluate -9 + 3 - -6 - 11.
-11
Evaluate (-4 - 6) + -2 + 9 + -20 + 8.
-15
Calculate 263 + -221 + -62 + 1.
-19
0 - 3 - (-164 - -192)
-31
Calculate 1 + 5 + 2 + -8 - (12 - -1).
-13
Calculate -5 - (-6 - (-3 - 0) - 7).
5
What is the value of 0 + -13 - ((-23 - 22) + 27)?
5
(12 - (-7 + 20)) + -4
-5
What is -9 + 5 + -1 + -9 + 4?
-10
What is the value of -1 - 10 - (-16 - (-19 + 8)) - -4?
-2
What is -21 + 0 + -22 + (-34 - -68)?
-9
What is the value of 28 + (26 - 35) + -29?
-10
What is -1 + 22 + (-4 - -9) + (-5 - -1)?
22
Calculate -5 + 7 + -16 + 13.
-1
What is 0 + (-1 - 0) + (90 - 85)?
4
Calculate 39 - 54 - (3 - 11) - 9.
-16
Calculate -4 + 19 + (6 - 8).
13
Calculate -4 + 5 + 7 + -2 + 8.
14
(-17 - (-36 - -23)) + 31
27
What is the value of 22 + -5 + -22 - 1?
-6
15 + (2 - (-38 + 70))
-15
What is 1 - 1 - (6 + (-25 - -9) - 3)?
13
What is -7 - (9 + (-5 - -3) + -28)?
14
Evaluate -23 + 7 - (2 - 11 - 8).
1
Evaluate -1 + 1 - -15 - (-175 + 170) - 3.
17
What is the value of -5 + (0 - 5 - (53 - (55 + -25)))?
-33
Evaluate 14 + (8 - 19 - -2).
5
Calculate -5 + 2 + -8 + 19 - 1.
7
What is the value of 154 - 148 - (-2 + 6)?
2
What is the value of 6 + (-5 - 2) + 1 + 8?
8
What is the value of -11 + -8 + 23 + (-20 - -34)?
18
Evaluate -19 + 26 + -26 - -1.
-18
What is the value of (7 - (22 + 7)) + 20?
-2
What is the value of (9 - 1) + (8 - (28 + -8))?
-4
What is the value of -1 + (-3 - -2) + -4 + 3?
-3
What is the value of 3 + 0 + 2 + 0?
5
What is the value of 10 + 2 + -65 + 44?
-9
What is the value of -13 - -47 - (25 + 0)?
9
What is the value of (1 + -6 - 1) + (52 - 49)?
-3
Evaluate 2 - (14 + -2) - (0 + 1).
-11
-4 - (-6 - (19 + 0))
21
What is the value of -14 + (5 + -9 - -9) + -9 + 3?
-15
What is the value of -32 - (-10 - 2) - -10?
-10
Evaluate 32 - 45 - (0 - (-2 - -2)).
-13
Evaluate 18 + (-19 - 19) + 7.
-13
Evaluate 7 - (-11 - (3 + -13)) - (-2 + 13).
-3
0 + (-15 - (-9 + 1 - -11 - -3))
-21
What is 2 + 2 + 22 + -25 - 2 - 7?
-8
Calculate -2 - (-3 + (-45 - (-15 + (-8 - -18)))).
41
26 - (0 - (-1 - 0)) - (-15204 + 15198)
31
Evaluate -6 - (-5 + -2 + 6) - 3.
-8
Evaluate -5 + (2 - 1 - -4) + 5 + -1.
4
What is the value of (-35 - -64) + (0 - (1 - -1 - 8))?
35
What is 12 - 3 - ((6 - 1) + 1)?
3
-2 - (0 - 2) - (-7 - (-8 + -7))
-8
What is 12 - (-11 + (0 - -36))?
-13
Calculate (-13 + 7 - 16) + 8.
-14
What is the value of -8 - ((-12 - 0) + -10)?
14
Evaluate -5 + 7 - 0 - 13.
-11
What is the value of 2 + 13 + -9 - (10 + (-4 - 0))?
0
Evaluate (0 - -10) + (6 - (17 - 4)).
3
((8 - 16) + 8 - (0 + 29)) + -6
-35
What is -10 - ((-62 - -62) + -1 + 3)?
-12
24 + -5 + -10 + (-1 - -16)
24
Evaluate 64 + (-63 - -45) - 14.
32
Evaluate (-19 - (0 + -6)) + 0 + 35.
22
14 - ((7 - -4) + 5)
-2
Calculate 10 + -7 + 1 + (-1 - -1) - 3.
1
What is the value of 1 - -4 - (8 - (-8 + 4 - -9))?
2
Evaluate (-12 - (-13 - -1) - (-13 + 0)) + 0.
13
6 - 1 - (-6 - 0)
11
What is the value of 1 - (-29 + -12 + 24 - 5)?
23
What is the value of -7 - (11 + (0 - (-3 + 7 + 1)))?
-13
What is -2 + 18 + (-29 - -4)?
-9
What is 4 + (-8 - ((-1 - (-5 + 10)) + -2))?
4
Calculate 5 + 0 + 8 + (12 - 28).
-3
Evaluate -2 - ((-20 - -82) + -27).
-37
What is -15 + 23 + -19 + 11?
0
Evaluate (-3 - (7 + -14)) + -13 + 7.
-2
-18 + -3 + 3 + -6 + 5
-19
Evaluate -10 + (25 + -30 - (-2 - 0)).
-13
What is 1 - (7 + (2 - (6 + -8)))?
-10
151 - 132 - (-3 - (-6 + 1 + -1))
16
What is (-11 + 3 - (2 + -10)) + -9 + 3?
-6
What is (2 - (15 - 1) - -6) + -12?
-18
(13 - 18 - 2) + 2
-5
What is 8 + (-4 - -5) + -2 + -19?
-12
Calculate -314 + 302 + (1 - 1 - 1).
-13
Evaluate 832 + -819 - ((0 - -2) + 1).
10
(-2 + 9 - (0 - -7)) + 9 + -2
7
-287 - -269 - (1 + 5 - (-5 - -5))
-24
Evaluate (19 - 20 - -30) + (1 - 10).
20
Calculate 13 - (-15 + -15 + 72).
-29
4 - (8 - (-6 + (5 - (-2 + -9))))
6
What is -11 + (8 - 11) + -1?
-15
What is the value of -5 - ((-2 - 6) + 2 - -8 - -1)?
-8
What is the value of -8 + (2 - (7 + -22 + 5))?
4
Evaluate -27 - (18 + -20) - -21.
-4
What is the value of (-21 - -1) + -1929 + 1930?
-19
Calculate 112 - 126 - (-6 + -29).
21
Evaluate 1 - (3 + -6 - -11 - 4).
-3
Calculate 1 - ((-100 - -100) + -6 + -1 + -12).
20
Calculate 13 - (4 + -3 + 23).
-11
Evaluate 10 + (-38 - -14) + 1.
-13
Evaluate (15 - 0 - 0) + (33 - 31) - 0.
17
What is (-25 - -10) + 1 + 17 - -6?
9
(7 - -1) + 2 + -1 + -25
-16
Evaluate (-3 - 11) + 8 - (-6 + 4 + -1).
-3
What is the value of (-47 - (6 - (-10 + 27))) + 12 + 8?
-16
Calculate 10 + -17 - (-60 - -59).
-6
What is the value of (27 + -1 - 0) + (-47 - 1 - -48)?
26
What is the value of -1 - (-2 + -10) - (7 - 1)?
5
-7 - -2 - ((-26 - -8) + 15)
-2
What is -5 - 0 - (47 + -49 + 3 + 1)?
-7
Calculate -6 + 42 + -41 - 3.
-8
Evaluate 6 + (21 + -5 + -8 - 33) + -6.
-25
What is 18 + 7 + -17 - 20?
-12
Calculate 6 + -4 - 2 - (135 - 140).
5
What is the value of -2 - (0 - -4) - ((7 - 10) + 7)?
-10
Evaluate (-12 + 4 + 2 - -1) + 3.
-2
What is the value of (-57 - -36) + 3 + 10?
-8
What is -11 + -68 + 76 + 3 + -1?
-1
What is the value of (6 - 2) + -5 + 4 + -8?
-5
What is -6 + 5 + 10 + -3 + -9?
-3
What is (0 - 2) + (-20 - -31 - 27)?
-18
What is the value of -4 + (-10 - (-25 + 36))?
-25
-12 + 1 + (-5 - (-23 + 7 + 14))
-14
Evaluate (-32 - (-9 + -13) - (-2 - 3)) + 18.
13
1 + -4 + 6 - -8 - 1
10
What is -25 - ((-25 - -8) + -21)?
13
(-1 - (5 - -4) - 0) + -7
-17
What is (26 - -3 - 65) + 54?
18
Calculate 27 + (-31 - 3) - (-16 + -3 + 2).
10
Evaluate -151 + 157 + (-18 - (-3 + 2 + 2)).
-13
Calculate (-7 - (-9 + 1)) + -3.
-2
What is the value of -37 + 16 + -13 + 20?
-14
8 - (26 - -7 - 33)
8
What is the value of 5 + (-19 - -28) + (-6 - -2 - -5)?
15
What is 22 - (-4 + (1 - (-7 - 4)))?
14
Calculate (41 - 29) + 1 + 2 + 5.
20
What is (-3 - 9) + -84 + 98 + -28?
-26
Calculate -49 + 23 + 4 + 3.
-19
Evaluate -37 + 38 + 5 + -4 + 4.
6
Evaluate (-5 + -2 - (38 - 36)) + 34.
25
Evaluate -10 - 0 - (11 - (-51 + 54)).
-18
Evaluate 0 + (3 - (-1 - 11)) + 1.
16
What is the value of -4 + (14 - (14 + -4))?
0
What is the value of 2 + -4 + 27 + -20 + 20 + -4?
21
Calculate (-1302 - -1292) + -2 + 26 + 0.
14
Evaluate (-25 - 13 - -20) + -1 + -5.
-24
What is the value of (20 - 1) + -20 - 6?
-7
11 - (-11 + (7 - -16))
-1
Calculate -5 + -1 + (-48 - -55).
1
Evaluate -1 + 3 + (-5 - 1) + 65 + -67.
-6
Evaluate -37 - ((-62 - -9) + 38).
-22
-7 - ((6 - 9) + (9 - (6 - -4)))
-3
(351 - 363) + (-1 - -1) + 11
-1
What is -7 + (1 + -2 - (16 - 20))?
-4
Evaluate (2 + (-6 - (-12 + 3)) - -8) + -5.
8
What is 9 + (-9 - -4) - (-2 + 22 - 7)?
-9
Evaluate 29 - (41 + 3 - 16).
1
Evaluate 3 + 4 + -2 - (-83 - -80).
8
What is the value of 10 - 15 - 4 - (-1 - 6) - 20?
-22
Evaluate -1 + 2 + (9 - 11) + -12 + 6.
-7
Evaluate 10 - (11 + -6) - (2 - (4 + 14)).
21
What is 8 + (-10 - (-14 + 4)) - 28?
-20
Evaluate (-9 + 18 - (24 + -6)) + 3.
-6
What is the value of 449 + -447 + 0 + (-13 - 0)?
-11
-182 + 189 - (-9 - 1)
17
Calculate 87 + -65 + (-16 - 0).
6
What is the value of 7 + (-3 - -1) + -3?
2
What is 8 + -8 + 0 - -10 - 4?
6
-16 + 7 + -3 + -2 - (-7 + 5)
-12
What is the value of 20 - ((23 - 8 - 28) + 9)?
24
What is 13 + -1 + (-9 - -5 - -2)?
10
What is the value of 26 + -85 + (40 - 0)?
-19
Calculate 36 + -2 + 3 + -10 + -1 + 8.
34
What is -4 + 21 - (-10 + 27)?
0
(0 - (11 + -18)) + -14 + -20 - -3
-24
Calculate -8 + 22 + (9 - 26).
-3
Calculate 145 + -127 - (-3 + 1 + 5).
15
Evaluate 8 - (38 + -74 - -23).
21
Evaluate (3 - 3) + (7 - (2 - -1)).
4
Calculate -39 - (0 + 3 + -29).
-13
-23 + 40 + -4 + (-4 - 3)
6
What is (-9 - ((-15 - -21) + -28)) + -24?
-11
What is 13 + -2 - ((-4 - -3) + (-5 - -14))?
3
Calculate -12 + (-1 - ((3 - 11) + 2)).
-7
Evaluate 10 + -6 + -1 + -5 - 3 - -4.
-1
What is (-21 - -31) + (21 - 11)?
20
2 + 0 + -9 - (-7 - (49 + -33))
16
-13 - (-2 - 12) - (-2 - -3)
0
(1 - 7 - (91 + -96)) + -8
-9
Evaluate -100 + 103 + (16 - 0).
19
What is the value of -7 + (9 - 11) + (5 - -1)?
-3
What is the value of (1 + 1 - -4) + (-7 + 11 - 8)?
2
What is -7 - (8 + 1 - (-17 - -18))?
-15
Calculate -5 + (-23 - -20 - ((8 - 6) + 2)).
-12
Evaluate -43 + 35 + 23 - (-3 + 1).
17
3 - (-4 - (-1 - -14))
20
What is the value of -580 + 551 + (26 - -2)?
-1
-35 + -22 + (21 - -17)
-19
What is the value of 11 + -15 - (-7 - 0) - -1?
4
Calculate 9 - 56 - (91 + -120).
-18
Calculate (1 - 4) + -2 + (3 - -2 - -3).
3
What is the value of -29 - (11 + (-3 + 5 - 25))?
-17
What is th